at is the units digit of 27336?
6
What is the tens digit of 899?
9
What is the thousands digit of 93118?
3
What is the units digit of 594?
4
What is the tens digit of 3615?
1
What is the tens digit of 5815?
1
What is the tens digit of 68052?
5
What is the ten thousands digit of 148230?
4
What is the hundreds digit of 1039?
0
What is the hundreds digit of 226?
2
What is the hundreds digit of 669?
6
What is the thousands digit of 42416?
2
What is the thousands digit of 1592?
1
What is the ten thousands digit of 16310?
1
What is the tens digit of 26012?
1
What is the thousands digit of 3721?
3
What is the tens digit of 93?
9
What is the units digit of 949?
9
What is the tens digit of 887?
8
What is the ten thousands digit of 13539?
1
What is the ten thousands digit of 27067?
2
What is the units digit of 4137?
7
What is the tens digit of 35407?
0
What is the hundreds digit of 49207?
2
What is the units digit of 9404?
4
What is the thousands digit of 38418?
8
What is the units digit of 1863?
3
What is the tens digit of 1448?
4
What is the thousands digit of 61809?
1
What is the hundreds digit of 3416?
4
What is the hundreds digit of 53015?
0
What is the thousands digit of 2964?
2
What is the hundreds digit of 817?
8
What is the thousands digit of 1013?
1
What is the units digit of 1845?
5
What is the hundreds digit of 4255?
2
What is the units digit of 542?
2
What is the hundreds digit of 24772?
7
What is the units digit of 7343?
3
What is the ten thousands digit of 45041?
4
What is the thousands digit of 3264?
3
What is the units digit of 5108?
8
What is the hundreds digit of 151?
1
What is the units digit of 17605?
5
What is the ten thousands digit of 11219?
1
What is the units digit of 5314?
4
What is the ten thousands digit of 11125?
1
What is the units digit of 3705?
5
What is the tens digit of 1670?
7
What is the hundreds digit of 40604?
6
What is the thousands digit of 6855?
6
What is the units digit of 16415?
5
What is the units digit of 15571?
1
What is the units digit of 5489?
9
What is the hundred thousands digit of 188997?
1
What is the tens digit of 237?
3
What is the hundreds digit of 401?
4
What is the tens digit of 91440?
4
What is the units digit of 73?
3
What is the units digit of 482?
2
What is the hundreds digit of 10417?
4
What is the hundreds digit of 1843?
8
What is the thousands digit of 1348?
1
What is the units digit of 13592?
2
What is the thousands digit of 2481?
2
What is the units digit of 1687?
7
What is the thousands digit of 13319?
3
What is the tens digit of 3575?
7
What is the hundreds digit of 518?
5
What is the hundreds digit of 12201?
2
What is the hundreds digit of 1090?
0
What is the units digit of 8230?
0
What is the tens digit of 2709?
0
What is the tens digit of 45455?
5
What is the hundreds digit of 31903?
9
What is the thousands digit of 15916?
5
What is the tens digit of 25660?
6
What is the ten thousands digit of 32936?
3
What is the tens digit of 1690?
9
What is the thousands digit of 2438?
2
What is the hundreds digit of 63090?
0
What is the hundreds digit of 155474?
4
What is the tens digit of 2366?
6
What is the units digit of 43990?
0
What is the thousands digit of 5380?
5
What is the units digit of 93?
3
What is the ten thousands digit of 134407?
3
What is the hundreds digit of 840?
8
What is the ten thousands digit of 19131?
1
What is the thousands digit of 9016?
9
What is the tens digit of 14411?
1
What is the thousands digit of 1574?
1
What is the tens digit of 1053?
5
What is the thousands digit of 3028?
3
What is the units digit of 1296?
6
What is the units digit of 59?
9
What is the tens digit of 10446?
4
What is the hundreds digit of 23716?
7
What is the tens digit of 12977?
7
What is the ten thousands digit of 57500?
5
What is the thousands digit of 7661?
7
What is the hundreds digit of 807?
8
What is the thousands digit of 9011?
9
What is the ten thousands digit of 14199?
1
What is the tens digit of 437?
3
What is the ten thousands digit of 11507?
1
What is the ten thousands digit of 55810?
5
What is the tens digit of 6856?
5
What is the hundreds digit of 135?
1
What is the hundreds digit of 5501?
5
What is the units digit of 1198?
8
What is the thousands digit of 48472?
8
What is the units digit of 504?
4
What is the ten thousands digit of 29914?
2
What is the thousands digit of 2579?
2
What is the units digit of 8071?
1
What is the units digit of 9743?
3
What is the hundreds digit of 11855?
8
What is the tens digit of 1440?
4
What is the tens digit of 803?
0
What is the hundreds digit of 12725?
7
What is the hundreds digit of 606?
6
What is the tens digit of 855?
5
What is the tens digit of 1069?
6
What is the thousands digit of 149898?
9
What is the hundreds digit of 1263?
2
What is the units digit of 164?
4
What is the ten thousands digit of 39292?
3
What is the units digit of 876?
6
What is the units digit of 19594?
4
What is the tens digit of 1810?
1
What is the units digit of 1708?
8
What is the thousands digit of 1200?
1
What is the ten thousands digit of 13320?
1
What is the thousands digit of 1353?
1
What is the thousands digit of 16389?
6
What is the hundreds digit of 986?
9
What is the tens digit of 349?
4
What is the thousands digit of 8912?
8
What is the units digit of 878?
8
What is the hundreds digit of 3924?
9
What is the tens digit of 3495?
9
What is the thousands digit of 19793?
9
What is the hundreds digit of 7264?
2
What is the ten thousands digit of 44694?
4
What is the thousands digit of 2669?
2
What is the hundreds digit of 1354?
3
What is the tens digit of 983?
8
What is the thousands digit of 11160?
1
What is the tens digit of 24826?
2
What is the tens digit of 129786?
8
What is the tens digit of 123589?
8
What is the units digit of 2927?
7
What is the tens digit of 8480?
8
What is the hundreds digit of 6158?
1
What is the units digit of 4614?
4
What is the thousands digit of 126799?
6
What is the tens digit of 104433?
3
What is the units digit of 69707?
7
What is the tens digit of 642?
4
What is the ten thousands digit of 23544?
2
What is the units digit of 6044?
4
What is the ten thousands digit of 92476?
9
What is the hundreds digit of 4746?
7
What is the hundreds digit of 406?
4
What is the tens digit of 8860?
6
What is the thousands digit of 6612?
6
What is the ten thousands digit of 28084?
2
What is the ten thousands digit of 83280?
8
What is the hundreds digit of 6945?
9
What is the thousands digit of 1477?
1
What is the ten thousands digit of 10313?
1
What is the ten thousands digit of 75733?
7
What is the hundreds digit of 60655?
6
What is the ten thousands digit of 30666?
3
What is the units digit of 6600?
0
What is the hundreds digit of 535?
5
What is the thousands digit of 12429?
2
What is the units digit of 1348?
8
What is the ten thousands digit of 13279?
1
What is the thousands digit of 15904?
5
What is the units digit of 8972?
2
What is the units digit of 147233?
3
What is the tens digit of 20?
2
What is the units digit of 5612?
2
What is the tens digit of 4356?
5
What is the hundreds digit of 3624?
6
What is the tens digit of 2503?
0
What is the hundreds digit of 3871?
8
What is the units digit of 1299?
9
What is the units digit of 11856?
6
What is the units digit of 3628?
8
What is the hundreds digit of 1747?
7
What is the hundred thousands digit of 114301?
1
What is the tens digit of 237?
3
What is the ten thousands digit of 25904?
2
What is the thousands digit of 3575?
3
What is the thousands digit of 1015?
1
What is the hundreds digit of 7187?
1
What is the tens digit of 7908?
0
What is the hundreds digit of 14363?
3
What is the thousands digit of 22378?
2
What is the hundreds digit of 5609?
6
What is the thousands digit of 13562?
3
What is the ten thousands digit of 31303?
3
What is the thousands digit of 5750?
5
What is the hundreds digit of 3417?
4
What is the tens digit of 8077?
7
What is the hundreds digit of 1933?
9
What is the thousands digit of 43689?
3
What is the thousands digit of 8802?
8
What is the hundreds digit of 3308?
3
What is the units digit of 185892?
2
What is the tens digit of 159369?
6
What is the tens digit of 8527?
2
What is the units digit of 109455?
5
What is the units digit of 665?
5
What is the thousands dig